What is the tens digit of 6451649595?
9
What is the hundreds digit of 550493176?
1
What is the ten thousands digit of 81043254?
4
What is the tens digit of 339802622?
2
What is the ten millions digit of 173612482?
7
What is the millions digit of 25221094?
5
What is the ten millions digit of 654429147?
5
What is the ten thousands digit of 38867827?
6
What is the ten thousands digit of 376465507?
6
What is the thousands digit of 20686997?
6
What is the hundred thousands digit of 128439053?
4
What is the hundreds digit of 124560172?
1
What is the hundreds digit of 29437974?
9
What is the millions digit of 23052284?
3
What is the ten thousands digit of 24726416?
2
What is the ten thousands digit of 15022408?
2
What is the units digit of 75199930?
0
What is the ten thousands digit of 4103031?
0
What is the tens digit of 55476288?
8
What is the hundreds digit of 2430928304?
3
What is the thousands digit of 3917304083?
4
What is the hundreds digit of 374747825?
8
What is the ten thousands digit of 175647595?
4
What is the thousands digit of 83001001?
1
What is the hundred thousands digit of 254526570?
5
What is the thousands digit of 397400448?
0
What is the hundred thousands digit of 3298497507?
4
What is the millions digit of 45430962?
5
What is the thousands digit of 526213253?
3
What is the units digit of 28460197?
7
What is the hundred thousands digit of 396899215?
8
What is the thousands digit of 1874672894?
2
What is the millions digit of 138344741?
8
What is the units digit of 369448232?
2
What is the thousands digit of 570861042?
1
What is the ten thousands digit of 10364501?
6
What is the millions digit of 51357246?
1
What is the millions digit of 4828285634?
8
What is the thousands digit of 39367482?
7
What is the thousands digit of 111614015?
4
What is the hundred millions digit of 1954535611?
9
What is the millions digit of 455679420?
5
What is the thousands digit of 475471542?
1
What is the units digit of 5849330?
0
What is the units digit of 121101729?
9
What is the tens digit of 1506676002?
0
What is the billions digit of 1881904867?
1
What is the billions digit of 1218629306?
1
What is the units digit of 1743693046?
6
What is the millions digit of 1041806555?
1
What is the tens digit of 36841765?
6
What is the hundred millions digit of 483968289?
4
What is the hundred millions digit of 512719434?
5
What is the hundred thousands digit of 2379515?
3
What is the ten thousands digit of 11986628?
8
What is the millions digit of 60880307?
0
What is the hundred millions digit of 739089156?
7
What is the hundred thousands digit of 74622148?
6
What is the ten millions digit of 12995633?
1
What is the units digit of 6675491638?
8
What is the millions digit of 72387051?
2
What is the ten thousands digit of 265596606?
9
What is the ten millions digit of 139949490?
3
What is the ten thousands digit of 832558675?
5
What is the ten thousands digit of 418823212?
2
What is the hundreds digit of 36987226?
2
What is the tens digit of 1520765223?
2
What is the hundreds digit of 1532449304?
3
What is the units digit of 148850608?
8
What is the thousands digit of 15978517?
8
What is the units digit of 1192272?
2
What is the units digit of 434247543?
3
What is the ten millions digit of 54001044?
5
What is the hundred thousands digit of 1116160404?
1
What is the hundreds digit of 1332803483?
4
What is the hundreds digit of 574079070?
0
What is the thousands digit of 129954546?
4
What is the hundred millions digit of 2299026305?
2
What is the thousands digit of 66380919?
0
What is the hundred millions digit of 112023555?
1
What is the units digit of 29966360?
0
What is the units digit of 25329155?
5
What is the tens digit of 112608175?
7
What is the tens digit of 3237037775?
7
What is the hundred millions digit of 2739596586?
7
What is the tens digit of 463406141?
4
What is the hundred millions digit of 334605507?
3
What is the hundred thousands digit of 1093658422?
6
What is the hundred thousands digit of 130344152?
3
What is the hundred thousands digit of 4748656167?
6
What is the units digit of 4674885562?
2
What is the ten thousands digit of 209490045?
9
What is the ten thousands digit of 122741751?
4
What is the ten millions digit of 12146378?
1
What is the hundreds digit of 3485925918?
9
What is the ten thousands digit of 118761930?
6
What is the millions digit of 13182835?
3
What is the hundred thousands digit of 473701330?
7
What is the millions digit of 3169536460?
9
What is the hundred millions digit of 118809446?
1
What is the hundred thousands digit of 137731898?
7
What is the hundreds digit of 61971433?
4
What is the millions digit of 66488986?
6
What is the ten millions digit of 1902006495?
0
What is the thousands digit of 52802727?
2
What is the tens digit of 7649902647?
4
What is the ten thousands digit of 63842087?
4
What is the hundred millions digit of 1036063101?
0
What is the ten thousands digit of 97875521?
7
What is the hundred thousands digit of 2540466695?
4
What is the units digit of 1489507768?
8
What is the thousands digit of 175037766?
7
What is the hundred millions digit of 1334118027?
3
What is the thousands digit of 672176136?
6
What is the hundreds digit of 647552038?
0
What is the thousands digit of 6814379?
4
What is the hundreds digit of 521646649?
6
What is the hundred thousands digit of 16987958?
9
What is the hundred thousands digit of 68337497?
3
What is the hundred millions digit of 1112220642?
1
What is the hundred thousands digit of 61054510?
0
What is the hundreds digit of 885526232?
2
What is the ten millions digit of 57649402?
5
What is the millions digit of 1158803934?
8
What is the billions digit of 2571047673?
2
What is the thousands digit of 18216902?
6
What is the hundred thousands digit of 110046601?
0
What is the units digit of 196136460?
0
What is the billions digit of 6389025201?
6
What is the millions digit of 37018897?
7
What is the hundred thousands digit of 122845532?
8
What is the hundred thousands digit of 1766609144?
6
What is the thousands digit of 1156170?
6
What is the hundred millions digit of 7251325002?
2
What is the ten thousands digit of 174820438?
2
What is the hundred millions digit of 644596678?
6
What is the thousands digit of 234985762?
5
What is the tens digit of 428061111?
1
What is the hundred thousands digit of 18977119?
9
What is the ten millions digit of 2830091347?
3
What is the hundred thousands digit of 2888841?
8
What is the tens digit of 4194574917?
1
What is the thousands digit of 14114389?
4
What is the hundred millions digit of 167204936?
1
What is the units digit of 41062819?
9
What is the millions digit of 716642976?
6
What is the millions digit of 79765512?
9
What is the units digit of 1145663?
3
What is the tens digit of 90786540?
4
What is the tens digit of 27189116?
1
What is the billions digit of 2699506727?
2
What is the tens digit of 4613244728?
2
What is the tens digit of 64227901?
0
What is the ten thousands digit of 150544172?
4
What is the ten thousands digit of 190810874?
1
What is the ten thousands digit of 989150372?
5
What is the tens digit of 2303608546?
4
What is the hundred thousands digit of 39311695?
3
What is the hundred thousands digit of 57877848?
8
What is the tens digit of 2016782063?
6
What is the units digit of 245480631?
1
What is the hundreds digit of 1415808483?
4
What is the ten thousands digit of 432634219?
3
What is the hundreds digit of 19326835?
8
What is the tens digit of 309238187?
8
What is the hundreds digit of 40121606?
6
What is the thousands digit of 513061945?
1
What is the tens digit of 4320280790?
9
What is the hundreds digit of 97773038?
0
What is the units digit of 66129240?
0
What is the units digit of 1256617250?
0
What is the hundred thousands digit of 203224257?
2
What is the hundred millions digit of 1475387908?
4
What is the thousands digit of 819864230?
4
What is the hundred thousands digit of 1162649689?
6
What is the ten thousands digit of 711335970?
3
What is the ten millions digit of 416279682?
1
What is the hundred millions digit of 490102508?
4
What is the ten thousands digit of 2071646712?
4
What is the ten millions digit of 43741369?
4
What is the hundreds digit of 61212761?
7
What is the hundreds digit